7
What is the thousands digit of 276623266?
3
What is the tens digit of 1237753576?
7
What is the ten millions digit of 91625404?
9
What is the units digit of 72029289?
9
What is the thousands digit of 329457414?
7
What is the hundred millions digit of 563655914?
5
What is the thousands digit of 97503686?
3
What is the ten millions digit of 289117827?
8
What is the hundred millions digit of 197169160?
1
What is the hundred thousands digit of 1701652898?
6
What is the billions digit of 4108643337?
4
What is the hundred thousands digit of 97778677?
7
What is the hundred millions digit of 2238169978?
2
What is the millions digit of 614275135?
4
What is the hundred millions digit of 152601518?
1
What is the hundred millions digit of 152317049?
1
What is the tens digit of 53809433?
3
What is the millions digit of 175777765?
5
What is the tens digit of 592846131?
3
What is the hundred thousands digit of 91744016?
7
What is the thousands digit of 2182001406?
1
What is the hundred millions digit of 134990421?
1
What is the hundred thousands digit of 15145310?
1
What is the hundreds digit of 52235537?
5
What is the thousands digit of 167188216?
8
What is the hundred thousands digit of 267817668?
8
What is the ten millions digit of 11381557?
1
What is the hundred millions digit of 7441288157?
4
What is the ten thousands digit of 97880230?
8
What is the ten millions digit of 41466472?
4
What is the ten millions digit of 57936469?
5
What is the millions digit of 30494750?
0
What is the millions digit of 47349110?
7
What is the tens digit of 1541933529?
2
What is the millions digit of 318918150?
8
What is the hundreds digit of 2102043676?
6
What is the ten thousands digit of 24202725?
0
What is the ten thousands digit of 85991873?
9
What is the ten thousands digit of 138934196?
3
What is the millions digit of 216274738?
6
What is the units digit of 301356906?
6
What is the thousands digit of 19766709?
6
What is the hundred millions digit of 5005815448?
0
What is the hundred thousands digit of 135576971?
5
What is the ten millions digit of 91110123?
9
What is the tens digit of 190609020?
2
What is the ten thousands digit of 4157027594?
2
What is the millions digit of 342443893?
2
What is the thousands digit of 808442769?
2
What is the millions digit of 2018549200?
8
What is the thousands digit of 7996137216?
7
What is the ten millions digit of 76074157?
7
What is the hundred millions digit of 2528650618?
5
What is the millions digit of 798001885?
8
What is the thousands digit of 518655755?
5
What is the ten millions digit of 68387949?
6
What is the ten thousands digit of 2823338580?
3
What is the hundred thousands digit of 119116312?
1
What is the thousands digit of 19888352?
8
What is the hundreds digit of 5793281?
2
What is the units digit of 1715370434?
4
What is the tens digit of 201599747?
4
What is the hundred millions digit of 2261601983?
2
What is the thousands digit of 98043057?
3
What is the hundreds digit of 297811810?
8
What is the ten thousands digit of 60826116?
2
What is the millions digit of 162188138?
2
What is the thousands digit of 8198769?
8
What is the tens digit of 46442158?
5
What is the hundred thousands digit of 59336256?
3
What is the units digit of 3931400680?
0
What is the tens digit of 181403668?
6
What is the hundred millions digit of 362088213?
3
What is the ten millions digit of 109933683?
0
What is the hundreds digit of 196078980?
9
What is the hundreds digit of 7138819?
8
What is the ten millions digit of 1096735453?
9
What is the units digit of 417775403?
3
What is the tens digit of 54032603?
0
What is the thousands digit of 120000688?
0
What is the thousands digit of 141697?
1
What is the ten millions digit of 299292808?
9
What is the tens digit of 266117172?
7
What is the hundreds digit of 24093478?
4
What is the hundreds digit of 100357758?
7
What is the thousands digit of 22061168?
1
What is the millions digit of 39185500?
9
What is the units digit of 374924073?
3
What is the hundreds digit of 175886332?
3
What is the tens digit of 440353022?
2
What is the hundred thousands digit of 50694904?
6
What is the hundred thousands digit of 53569854?
5
What is the hundred millions digit of 120098909?
1
What is the thousands digit of 153889442?
9
What is the hundred millions digit of 1117444559?
1
What is the units digit of 33873471?
1
What is the ten thousands digit of 797606001?
0
What is the units digit of 4195674784?
4
What is the units digit of 497946045?
5
What is the tens digit of 1524914031?
3
What is the hundreds digit of 196751652?
6
What is the ten thousands digit of 473684941?
8
What is the hundreds digit of 266500323?
3
What is the ten thousands digit of 95776587?
7
What is the units digit of 60557775?
5
What is the ten millions digit of 168070931?
6
What is the units digit of 443165868?
8
What is the ten millions digit of 3977582370?
7
What is the tens digit of 92490473?
7
What is the tens digit of 52781429?
2
What is the ten thousands digit of 68210551?
1
What is the units digit of 1075794271?
1
What is the millions digit of 4343944499?
3
What is the hundred thousands digit of 46985703?
9
What is the units digit of 145443881?
1
What is the ten thousands digit of 602535390?
3
What is the tens digit of 154325071?
7
What is the tens digit of 36581616?
1
What is the hundred thousands digit of 834497490?
4
What is the ten thousands digit of 296473488?
7
What is the units digit of 1688212387?
7
What is the hundred millions digit of 501333612?
5
What is the hundreds digit of 397250950?
9
What is the millions digit of 355035170?
5
What is the hundred millions digit of 654173068?
6
What is the units digit of 1939810094?
4
What is the units digit of 3640690421?
1
What is the hundred millions digit of 248604658?
2
What is the hundred thousands digit of 7186871483?
8
What is the thousands digit of 662227975?
7
What is the millions digit of 107847330?
7
What is the tens digit of 4481177545?
4
What is the hundred thousands digit of 169673266?
6
What is the hundred thousands digit of 1919065117?
0
What is the thousands digit of 364592067?
2
What is the millions digit of 2131511245?
1
What is the hundred millions digit of 836683021?
8
What is the units digit of 1571783634?
4
What is the millions digit of 613154818?
3
What is the hundred thousands digit of 202189218?
1
What is the ten millions digit of 637894469?
3
What is the hundred millions digit of 383795106?
3
What is the hundred millions digit of 2175252688?
1
What is the ten millions digit of 177285487?
7
What is the thousands digit of 3040309311?
9
What is the tens digit of 98429912?
1
What is the hundreds digit of 12621685?
6
What is the thousands digit of 88044452?
4
What is the units digit of 4056899563?
3
What is the millions digit of 75383050?
5
What is the billions digit of 1011900573?
1
What is the millions digit of 348069397?
8
What is the tens digit of 646463205?
0
What is the units digit of 127455166?
6
What is the units digit of 39299015?
5
What is the hundred millions digit of 134180561?
1
What is the hundred thousands digit of 34829006?
8
What is the thousands digit of 4979014?
9
What is the hundred thousands digit of 850723049?
7
What is the hundreds digit of 274442970?
9
What is the thousands digit of 907564043?
4
What is the tens digit of 1684591662?
6
What is the billions digit of 1155657046?
1
What is the thousands digit of 405094930?
4
What is the units digit of 304653693?
3
What is the ten thousands digit of 38330536?
3
What is the hundred thousands digit of 218653745?
6
What is the thousands digit of 98119787?
9
What is the hundreds digit of 3839328029?
0
What is the ten thousands digit of 8351784313?
8
What is the ten thousands digit of 80759469?
5
What is the hundred millions digit of 163824700?
1
What is the hundred thousands digit of 157236364?
2
What is the units digit of 1312077792?
2
What is the ten millions digit of 233780308?
3
What is the hundreds digit of 3255518661?
6
What is the hundreds digit of 350916296?
2
What is the units digit of 60082449?
9
What is the ten thousands digit of 22270141?
7
What is the millions digit of 258549431?
8
What is the hundreds digit of 49523858?
8
What is the billions digit of 1402301824?
1
What is the m